factor of u and 20.
4
Let h be -1 + -1 - (3 - 40). Let v = 38 - h. Calculate the greatest common divisor of 21 and v.
3
Let q be (-10)/(-2) - (-14 - (11 + -13)). Calculate the highest common divisor of 51 and q.
17
Suppose -869 = 11*c - 5225. What is the highest common factor of c and 33?
33
Let h = -115 - -444. Calculate the highest common factor of h and 47.
47
Suppose 0 = -0*m - m + 6. Suppose 5*f = m*f - 198. Calculate the highest common factor of 18 and f.
18
Let t be 1958/5 + (-11)/(-165)*6. What is the highest common factor of t and 49?
49
Let p = 14 - 35. Let a = -10 - p. Let f(o) = -35*o - 50. Let b be f(-3). Calculate the highest common factor of a and b.
11
Let d = 6 + -3. Suppose -19 + d = -g + 4*t, 42 = 5*g - t. Calculate the greatest common divisor of g and 4.
4
Suppose 3*n + 10 - 25 = 0. Suppose 5 = s - 4*b - 33, -n*b = 3*s - 114. Calculate the highest common divisor of 95 and s.
19
Suppose -400 = -4*w + 4. Suppose -2*v + 144 - 40 = 2*g, 2*v - g - w = 0. Let c = -22 - -39. Calculate the greatest common factor of c and v.
17
Suppose 4*z - 96 = -v, -4*z + 97 = 4*v + 13. Let j be (3 - 4)/(3 + 16/(-5)). Calculate the greatest common divisor of j and z.
5
Suppose 10*s = 5*s + 825. Calculate the greatest common divisor of 110 and s.
55
Let q be -7 - (-3)/((-3)/(-44)). What is the highest common factor of 2997 and q?
37
Suppose 59 = 5*j + 4. Suppose -j*l + 86 = -9*l. Calculate the highest common factor of 215 and l.
43
Suppose 2*n - 3*n = 4*w - 261, 5*w = n + 315. Let s = -97 + 105. Calculate the highest common divisor of w and s.
8
Suppose 0 = -4*l - 5*g + 14, 0*l - g = -2*l. Let q be (297/(-18))/11*-2. Calculate the highest common divisor of q and l.
1
Let n be (-3)/9*0 - -5. Let j be (-2)/n - (-184)/10. Suppose 18*z + 27 = 21*z. Calculate the highest common factor of z and j.
9
Let r = 27 + -59. Let m = r - -67. Calculate the greatest common divisor of m and 245.
35
Suppose -15*b + 21*b - 6 = 0. What is the highest common factor of b and 23?
1
Suppose -7*q = -4*q + 3. Let b be (42/105)/(q/(-120)). What is the greatest common factor of b and 12?
12
Suppose 27*y + 1548 = 39*y. What is the highest common factor of 43 and y?
43
Suppose -5*a = 4*l + 80, -8*a = -3*a - 4*l + 120. Let c = 28 + a. Calculate the greatest common divisor of 2 and c.
2
Suppose 0 = -3*u + 233 + 667. Suppose 3*x = -z + 75, 4*z + 0*x + x - u = 0. Suppose j - z = -0*j. What is the greatest common factor of 25 and j?
25
Let a = 366 + -206. Suppose 0 = -17*h + 13*h + 3*w + 31, -52 = -4*h - 4*w. Calculate the highest common factor of a and h.
10
Let q be (12/(-10)*-5)/2. Suppose -r + 20 = q*r. Suppose -r*d + 4*d = -42. Calculate the greatest common factor of d and 28.
14
Let a be 1/3 + 384/9. Suppose -2*j + 2*v = -3*v - 59, 0 = 4*j + 5*v - a. Let s = -5 + j. What is the greatest common divisor of s and 18?
6
Suppose 77 = z - m, 12*z - 8*z - 324 = -4*m. Calculate the highest common factor of 316 and z.
79
Let h be (3/(-2))/((-2)/52). Suppose 2*w = -w - h. Let a = w + 143. Calculate the greatest common factor of a and 13.
13
Let l = -18 - -29. Suppose -12*i + 19*i = 539. Calculate the greatest common factor of l and i.
11
Let g be (-2 - -21)/(2/4). Suppose 5*f - g = -5*t + 47, -5*t - 19 = -3*f. Calculate the highest common divisor of f and 39.
13
Let f be (-40)/60*(1575/6)/(-1). What is the highest common factor of f and 7?
7
Let k = -2 + 7. Let g(l) = -l + 13. Suppose 22 = 2*o - 2*c, 5*o = 3*c - 6 + 55. Let t be g(o). Calculate the greatest common divisor of t and k.
5
Suppose -4*b + 273 + 287 = c, 3*c + 4*b = 1712. Calculate the greatest common factor of c and 36.
36
Suppose -26*w = -117 - 169. Calculate the greatest common factor of w and 517.
11
Let a(g) = 27*g + 14. Let b be a(6). Calculate the greatest common factor of 22 and b.
22
Let u(k) = -k**3 - 4*k**2 + 9*k + 6. Let a be u(-6). Let y = 129 - 9. What is the greatest common divisor of y and a?
24
Let o(b) = -21*b - 13. Let j be o(-1). What is the highest common factor of 26 and j?
2
Let h = 53 - 41. Suppose 3*y + w - 83 = 2*y, 2*y = 5*w + 173. Calculate the greatest common factor of y and h.
12
Let t = -41 - -161. Let b(j) = 7*j - 13. Let r be b(4). Calculate the highest common divisor of r and t.
15
Suppose 2*j = -j + 324. Suppose 5*t = 3*t + j. Let d = 37 + -31. Calculate the greatest common factor of t and d.
6
Suppose -3*k - 10 = -4*k. Let i be (208/(-52))/(4/(-110)). What is the greatest common factor of i and k?
10
Let j(q) = 29*q - 751. Let d be j(26). What is the greatest common divisor of d and 122?
1
Let u(j) = 2*j**2 - 4*j - 2. Suppose 0*o - 3*i = 4*o, 2*o + 26 = 5*i. Let z be u(o). What is the highest common divisor of 14 and z?
14
Let k be -9 - 1876/(-35) - 4/(-10). What is the highest common factor of 54 and k?
9
Suppose 2*k - 3*o - 9 = 0, 2*o - 6*o - 1 = k. Calculate the greatest common factor of 96 and k.
3
Let v = 2 + -8. Let l = v + 11. Suppose -p + 452 = 6*g - 2*g, -l*g + p = -556. Calculate the greatest common divisor of g and 16.
16
Let f(y) = 2*y**2 - 8*y - 48. Let k be f(9). What is the greatest common factor of k and 14?
14
Suppose -17 - 203 = -5*y. What is the greatest common factor of y and 32?
4
Let a(t) = 5*t**2 + 13*t - 11. Let k be a(7). What is the greatest common factor of 25 and k?
25
Let m be (16/20)/((-6)/(-1215)). Suppose -m = -4*i - 18. Calculate the greatest common factor of i and 9.
9
Let s = 319 + -239. Let y(q) = q**3 + 7*q**2 + 2*q + 8. Let l be y(-6). Calculate the highest common factor of l and s.
16
Let z(j) = j**3 + 10*j**2 + 4*j + 3. Let f(a) = 1. Let q(p) = -5*f(p) + z(p). Let c be q(-10). Let n = c + 108. What is the greatest common divisor of 6 and n?
6
Suppose 5*b - 47 = -12. Let v(t) = 2*t + 5. Let n be v(0). Suppose -2*s + 58 = -4*q, 4*s - n*q = 8*s - 64. What is the greatest common factor of s and b?
7
Let i(c) = -3*c**3 - 2*c**2 + 1. Let l be i(-1). Suppose -2*o = 2*w + 8, 0 = -278*o + 279*o - 3*w - 16. Calculate the highest common factor of o and l.
1
Let h = -18 + 35. Let p = -9 + h. What is the highest common divisor of p and 20?
4
Let z = -48 - -50. Suppose a - 147 = -5*s, 2*s = 5*s + z*a - 91. Calculate the greatest common factor of s and 116.
29
Suppose 7*m = 11*m - 16. Let g(d) = 2*d**2 + 8*d + 6. Let v be g(-7). Let w be (v/(-5))/(9/(-30)). What is the greatest common factor of m and w?
4
Suppose 0 = -3*g + 6 + 6. Suppose -g*b + 41 = -247. Let l = -22 + 31. Calculate the greatest common divisor of l and b.
9
Let s = 114 + -70. What is the highest common factor of s and 22?
22
Let b be (-6)/4*142/(-1). Suppose 8*h = -595 + 3379. Let g = h - b. What is the greatest common divisor of 27 and g?
27
Let g(c) = 61*c**2 - 2*c. Let b be g(-2). Suppose -256*n = -272*n + 496. Calculate the greatest common divisor of b and n.
31
Suppose -2*j = -10 - 72. What is the highest common factor of 451 and j?
41
Suppose -a - 11 = -u, u = -2*a + 3 - 1. Calculate the greatest common factor of 784 and u.
8
Let i(l) = l**3 + 3*l**2 - 13*l - 12. Let o be i(-5). Suppose j + 3*y - 13 = 0, -2*j = -o*j + 3*y - 5. Calculate the highest common divisor of j and 32.
4
Let n be -254 - ((-3 - -3) + 2)/(-2). Let d = -166 - n. What is the highest common divisor of 58 and d?
29
Let m be (2/(-8))/(22/(-264)). Suppose 536 = 4*f - 3*b - b, -4*f + 545 = 5*b. Suppose 8*v - f = 3*v. Calculate the highest common divisor of m and v.
3
Suppose 5*g - 14 = -u, -2*g + 0*u - u = -8. Suppose -4*j + g*j + 4 = 0. Let p be 0 - (-2 + j + -95). Calculate the highest common factor of 38 and p.
19
Let k be 4/(-8)*-24 + -3. Let d = 5 + k. What is the greatest common divisor of 98 and d?
14
Suppose 2*z - 2451 = 5*i, -13*z + 4*i = -11*z - 2448. What is the greatest common divisor of 42 and z?
42
Let w = 40 - 42. Let n be w + 5 - (4 - (-8)/(-4)). What is the greatest common factor of 11 and n?
1
Suppose -5*z = -507 + 187. What is the highest common factor of z and 112?
16
Let n = 234 - 218. Calculate the greatest common divisor of 208 and n.
16
Let x be (-24)/(-5) - 1/(-5). Suppose x*o = 5*c - 130, 2*c - c = -3*o + 22. Calculate the highest common divisor of c and 1.
1
Suppose 141*o = 183*o - 25536. What is the highest common divisor of 760 and o?
152
Let g(u) = -240*u - 96. Let q be g(-4). Calculate the gr